 l?
1
Let w(s) = -11*s + 1. What is the tens digit of w(-17)?
8
Suppose -3*n = -2*o + 541, o - 2*o - n = -258. What is the hundreds digit of o?
2
Let c(y) = -y - 12. Let w be c(0). Let b = 26 + w. What is the tens digit of b?
1
Suppose x = 2*w - 11, 0 = -0*w + 3*w - 5*x - 6. Suppose 0 = 3*y + 2*u - w, -y + 0*y - 2*u = 3. What is the units digit of y?
5
Suppose 3*z - 200 + 29 = -3*y, 2*y - z - 99 = 0. Suppose 0 = 5*n + p - y, p = -2 + 4. What is the tens digit of n?
1
Suppose -2*x = 4*r - 51 - 103, 4*r = -3*x + 221. What is the units digit of x?
7
Suppose -8*r = -4*r - 2*l + 12, 4 = l. What is the tens digit of (-30)/(-3 + r/(-1))?
1
Let r(k) = -k**2 - 11*k - 9. Suppose 4*g - 5*g + 31 = -4*o, -o - 19 = -g. Let z = g + -25. What is the units digit of r(z)?
1
Let z(r) = 3*r - 12. Let t be z(5). Let x be (1 - 2) + 0 + 21. Suppose 7 + x = t*i. What is the units digit of i?
9
Suppose -w - w + 8 = 0. Let j = -2 + w. What is the units digit of j?
2
Let i = 11 + 7. What is the units digit of i?
8
Let x be -12*(-2 + 5/2). Let q be 36/x*1/(-2). What is the units digit of 5/q*(-6)/(-1)?
0
Let m(c) be the first derivative of -c**5/120 + 7*c**4/12 + 2*c**3/3 + 3. Let l(y) be the third derivative of m(y). What is the units digit of l(10)?
4
Let z(k) = -9*k - 2. Let r be z(3). Let u = -18 - r. What is the tens digit of u?
1
Suppose -5*y = 5*a - 35, -2*a + 4*y + 8 = 3*a. Suppose 0 = 4*c + c. Suppose c = -a*n + n + 21. What is the units digit of n?
7
Suppose 0 = -4*n - n + 35. Let z(o) be the first derivative of -o**2/2 + 12*o + 8. What is the units digit of z(n)?
5
Let c(j) = j**3 - 10*j**2 + 7*j + 8. Let v be c(9). What is the units digit of (1 + -4)*v/3?
0
Suppose -3*c + 12 + 462 = 0. What is the hundreds digit of c?
1
Let a = -1 + 3. Suppose c + 5 = a. Let i(r) = 2*r**2 + 5*r + 3. What is the units digit of i(c)?
6
Suppose -3 - 6 = -3*q. Suppose 4 = -k + q*k. Let f = 8 - k. What is the units digit of f?
6
Suppose 214 = 3*i - 2. Suppose 3*v - 45 = i. What is the tens digit of v?
3
Let c(t) = -t**3 + 2*t**2 + t + 1. Let p be c(2). Suppose -p*y + 72 = -6. What is the units digit of y?
6
Let z(t) = t + 2. Let o be z(12). What is the units digit of o/3*3/2?
7
Let z = -139 - -484. What is the hundreds digit of z?
3
Suppose -229 - 1547 = -6*p. What is the tens digit of p?
9
Let o(v) = -2*v**3 - v**2 - 2*v - 1. Let p = -1 - 0. What is the units digit of o(p)?
2
Let x(p) = 2*p**3 + 2*p**2 + 2*p - 6. What is the units digit of x(4)?
2
Suppose -2*n + 3*k = -0*k + 48, 3*n - 4*k = -72. What is the tens digit of n/10*15/(-3)?
1
Suppose o = 4*f - 16, -5*f = 2*o - 25 - 8. Suppose 0 = 4*b - 8 - o. What is the units digit of b?
3
Let g = 55 - 6. What is the tens digit of g?
4
What is the units digit of 262/11 - 16/(-88)?
4
What is the units digit of ((-14)/10)/(4/(-20))?
7
Suppose -11 = -p - 4. Suppose 0 = -a + 2*i + p, -5*a + 16 + 4 = -5*i. What is the units digit of a?
1
Let k = 10 + -15. Let f(v) = v. Let h be f(k). Let m = h + 11. What is the units digit of m?
6
Let l be (-308)/(-16) + (-1)/4. Suppose 0 = 5*x - 31 - l. What is the tens digit of x?
1
Suppose c + 2 = -0*c + 4*o, -12 = -4*o. Let k = 4 - c. What is the units digit of 10*3/(-3 - k)?
0
What is the tens digit of ((39/12)/(-1))/(2/(-40))?
6
What is the units digit of 3/(-9) - (6700/15)/(-5)?
9
Suppose 3*x - 5*f + 0*f - 80 = 0, 5*f + 140 = 5*x. Suppose 4*i = 14 + x. What is the tens digit of i?
1
Suppose 4 = -3*w - 4*d, w + 2*d + 2*d + 4 = 0. Let a be (-2)/(-4)*(-16 - w). Let v(r) = -r**2 - 9*r - 1. What is the units digit of v(a)?
7
Let a be 9/(-36) - (-22)/(-8). What is the tens digit of (49 - 1)*1 - a?
5
Suppose -2*a + 184 = 5*t, 3*t + t - 154 = -5*a. What is the units digit of t?
6
Let a = -4 - -5. Let t(w) = 3*w - 1. Let s be t(a). Suppose 13 = d - s. What is the tens digit of d?
1
Suppose -4*q + 12 = 2*y - 96, -3*q = 3*y - 81. What is the units digit of q?
7
Let h be (-4)/18 + (-552)/(-54). What is the units digit of (-2)/10 - (-142)/h?
4
Suppose w - 27 = -2*w. Let s = -24 + 19. Let i = s + w. What is the units digit of i?
4
Let z(u) = -u**3 + 10*u**2 + 10. Let n(p) = 2 + 18*p + 2*p**2 - 18*p. Let j be n(-2). What is the tens digit of z(j)?
1
Let g be (-14)/8 - 7/28. Let a = 12 - g. What is the units digit of a?
4
Suppose 5*t - a = 2*t - 8, 0 = 5*t + a. Let w = 4 + t. Suppose -w*f - 10 = -8*f. What is the units digit of f?
2
Suppose 5*b - 4*p - 681 = 0, 0 = 5*b + 3*p - 594 - 94. What is the hundreds digit of b?
1
Let c(m) = -m**3 + m. Let x(a) = -6*a**3 - 14*a**2 - 5*a - 10. Let r(g) = 5*c(g) - x(g). What is the units digit of r(-13)?
9
Let v(q) = -q**3 + 2*q**2 - q + 1. Let l be v(2). Let j = l - -4. What is the units digit of j?
3
Let y = -71 + 152. What is the tens digit of y?
8
Let k(w) be the second derivative of 4*w**3/3 + w**2/2 - 5*w. What is the units digit of k(5)?
1
Suppose 0 = -5*z - q + 125, -4*z + 0*q + 100 = -q. Let x = 46 - z. Let l = -14 + x. What is the units digit of l?
7
Let c be 6 + (0/(-3) - 1). Suppose 3*n - 3*z = 24, 0 = -c*n - 3*z - z + 4. What is the units digit of n?
4
Let g(o) = -o**2 + 3*o + 4. Let s(q) = -q - 2. Let a be s(-5). Let f be g(a). Suppose -f*b + 0*b + 56 = 0. What is the units digit of b?
4
Suppose 228 = z - 2*i, 4*z + 4*i = -z + 1126. What is the tens digit of z?
2
Let j = 255 - 180. What is the units digit of j?
5
Let x be (-7)/2*(1 + 3). Let z = x - -26. What is the units digit of z?
2
What is the units digit of 1 + 63/(-49) - (-842)/7?
0
Suppose 794 + 704 = 7*f. What is the units digit of f?
4
Suppose 0 = -d + 2*a + 9, -d + 2*d + 3 = -2*a. Suppose u + 5*b = -2, d*b - 7 = -4*u - 2*b. What is the units digit of (-4)/6 + 26/u?
8
Let i = 54 - 33. What is the tens digit of i?
2
Suppose 5*c = -0*c - 45. Let z(b) = -b**3 - 9*b**2 + 7. What is the units digit of z(c)?
7
Suppose 4*g + 31 = -g - 4*h, -3*h - 12 = 0. Let a = g + 7. Suppose -a*i - 4*u = -6*i - 14, 3*i = u + 4. What is the units digit of i?
3
Suppose -m = -q, 3*q + m = -0*q + 4. What is the units digit of 6/(21/12 - q)?
8
Let t = 2 - 6. Let v be 26/(-8) + t/(-16). Let u = v + 4. What is the units digit of u?
1
Let u(q) be the first derivative of -q**3/6 + q**2 + 2*q + 2. Let l(r) be the first derivative of u(r). What is the units digit of l(-4)?
6
Let v(l) = -2*l + 43. What is the units digit of v(-7)?
7
Let u(p) = 2*p**2 + 3*p. Let l(z) = z + 3. Let f be l(0). What is the units digit of u(f)?
7
Let f be -6 + (-3 - -1) + 0. Let z = f - -23. What is the units digit of z?
5
Let b = 1 + 1. Let w = -2 + b. Suppose -k - 4*k + 60 = w. What is the tens digit of k?
1
Let d(y) = -y**2 - 4*y + 5. Let n be d(-4). Suppose -n*c - 5*r - 280 = 0, r = 5*c - 4*r + 280. What is the units digit of c/(-24) - (-2)/3?
3
Suppose 3*n - 12 = v, 0*v = -4*v + 4*n - 8. Let j(p) = 4*p - 6. What is the units digit of j(v)?
6
Let i(j) = -j**2 + 7*j - 5. Let l be i(4). Let s be (36 + 0)*l/(-2). What is the units digit of s/(-8) + 1/4?
6
Suppose -2*i = 5*x, -i + 0*i - 1 = 3*x. What is the tens digit of (-21)/x + (-1)/2?
1
Let b(s) = 30*s - 54. What is the hundreds digit of b(6)?
1
Let k = 14 - 9. Suppose 0*s = k*s - 100. What is the tens digit of s?
2
Let f(a) = a**2 - 1. Suppose -5*s - 2*h = 8, 5*s + 4*h + 2 = 2*s. What is the units digit of f(s)?
3
Let u(y) be the second derivative of -y**3/3 + 3*y**2/2 + 2*y. Let x be u(3). Let f = -2 - x. What is the units digit of f?
1
Let u be ((-3 - -3) + 3)/1. Suppose -y + 2 = 0, u*y - 61 = 2*x - 159. Suppose 0 = -5*i + x - 2. What is the tens digit of i?
1
Suppose -3*q + 148 - 28 = 0. What is the units digit of q?
0
Let s(w) = w**2 + w + 2. Let p be s(-2). Let f(r) = 2*r. Let h(u) = -u. Let z(b) = p*f(b) + 12*h(b). What is the units digit of z(-1)?
4
Suppose -6*p = -4*p - 68. What is the tens digit of p?
3
Suppose 3*i = 2*i. Suppose -2*p - 5*n + 31 = i, 5*p - 3*p = -2*n + 22. What is the units digit of p?
8
Let i(s) = 2*s - 5. What is the units digit of i(11)?
7
Let h = 7 + 1. Suppose 2*u + 26 - h = 0. Let n = 18 + u. What is the units digit of n?
9
Let r = 25 + -20. What is the units digit of r?
5
Let g(v) = -2*v + 8. Let h be g(7). What is the units digit of 87/9 - 2/h?
0
Let x be (-7)/(-28)*4*-1. Let h(i) be the third derivative of -7*i**6/120 + i**5/60 + i**4/24 + i**3/6 - i**2. What is the